ulate the remainder when (-96)/1*((-12)/(-8) + b) is divided by 10.
8
Suppose 3*p - 4*k - 73 = 0, 4*p + 8*k = 10*k + 94. Calculate the remainder when (-2)/3*(-780)/8 is divided by p.
19
Suppose -g + 3 = -3*k - 5, k + 5*g = -24. Let l be k/(1/(-110)*4). Suppose 6*a = a + l. What is the remainder when a is divided by 12?
10
Let q be (-12)/66 + (-2)/22*-299. Suppose w = 2*w + 3*d - 27, 4*d = -w + q. What is the remainder when w is divided by 7?
6
Suppose -206*a + 204*a + 270 = 0. What is the remainder when a is divided by 38?
21
Let k = -78 - -104. What is the remainder when 76 is divided by k?
24
Suppose -t - 3*t = 12. Suppose h - 26 = -0*h. Calculate the remainder when (10/15)/(t/(-459)) is divided by h.
24
Suppose -3*t = -2*t. Suppose t = 3*w + w - 8. Suppose 49 = n + w*o - 4*o, 0 = -5*n - 5*o + 305. Calculate the remainder when n is divided by 29.
28
Suppose 0 = -5*i + 94 + 56. Suppose -4*n + 55 = -13. What is the remainder when i is divided by n?
13
Let u(a) = -a**2 - 11*a + 6. Let p be u(-5). Let l = 9 + p. What is the remainder when l is divided by 12?
9
Suppose 4*s - 26 - 26 = -2*b, -4*s = 5*b - 46. What is the remainder when 305 is divided by s?
11
Suppose v + q + 18 = 2*v, 3*q + 9 = 0. Let z = -11 + 68. Suppose i - z = -0*i. What is the remainder when i is divided by v?
12
Calculate the remainder when 22 is divided by 19/(-19) - 10/(-2).
2
Let u(s) = -s**2 - 9*s + 7. Let n(j) = -j + 1. Let h be (-12)/5*(-25)/10. Let d be n(h). What is the remainder when 52 is divided by u(d)?
25
Let n be (-2)/(-2*2/34). Let v(g) = -2*g**2 - 13*g - 7. Let d be v(-5). Let a = n - d. What is the remainder when a is divided by 7?
2
Suppose -5*u = 5*s - 940, 332 = 2*s - 3*u - 54. What is the remainder when s/(-4)*24/(-30) is divided by 14?
10
Let q(l) = -l**3 - 8*l**2 + 10*l + 9. Let f be q(-9). Suppose -4*h + 3*h + 13 = f. What is the remainder when 49 is divided by h?
10
Calculate the remainder when 175 is divided by (445*(-14)/105)/((-2)/3).
86
Let g(k) = -8*k - 3. Let a be g(-1). Let s(r) = r**3 - 3*r**2 - 3*r - 4. Suppose d = -d + 22. Calculate the remainder when s(a) is divided by d.
9
Let f(w) = w**3 + 13*w**2 - 15*w - 7. Calculate the remainder when f(-12) is divided by 16.
13
Let p = -32 - -65. Suppose 13*t = 16*t - 36. What is the remainder when p is divided by t?
9
Let s be 2/6 + (-392)/(-84). Suppose -s*g = 4*r - 149, 0 = -0*r - 3*r - 4*g + 113. Calculate the remainder when r is divided by 17.
14
Let l(y) = 2*y - 2 + 5*y**2 - 4*y**3 + 5*y**3 + 1. Let j be l(-4). Suppose -4*d + j*d - 147 = 0. What is the remainder when d is divided by 13?
10
Suppose 4 = -x + 28. Calculate the remainder when x is divided by 4/((-4)/(-5)) + 0.
4
Suppose -2*b - 5*i = b + 122, -4*i + 86 = -3*b. Let c = 47 + b. What is the remainder when 37 is divided by c?
11
Let t = -5 + 5. Suppose t = 6*j - 235 - 41. Calculate the remainder when 136 is divided by j.
44
Suppose -5*y + 4*u - 91 = 0, -2*y + 3*u = 7*u + 42. Let x be 10*3*(3 - 4). Let b = y - x. Calculate the remainder when 31 is divided by b.
9
Let h(i) = -10*i - 28. Let w be h(-7). Suppose -w = -16*k + 15*k. Calculate the remainder when k is divided by 16.
10
Suppose 64 = 15*j + j. Let s = 11 - 2. What is the remainder when s is divided by j?
1
Suppose 6*u - 220 = 44. Calculate the remainder when 218 is divided by u.
42
Let c = -6 - -54. What is the remainder when c is divided by 38?
10
Calculate the remainder when ((-20)/(-50))/((-6)/(-1185)) is divided by 40.
39
Suppose -5*t + 18 + 17 = 0. Suppose 4*n - 5*n = -t. Calculate the remainder when 19 is divided by n.
5
Let r = 18 + -7. Let f(u) = -u**3 + 10*u**2 + 14*u - 15. Suppose -5*o = 2*o - 497. What is the remainder when o is divided by f(r)?
17
Let h(i) = 67*i + 7. Let c be h(3). What is the remainder when c/24 - (-1)/3 is divided by (2 + 3 + -1)/2?
1
Let w = 10157 + -10151. Suppose 3*h = 4*y - 2*h - 3, 2*y + 5*h - 9 = 0. Calculate the remainder when w is divided by y.
0
Let r(q) = 3*q - 7. Let f be r(5). Calculate the remainder when (82/f)/((-5)/(-20)) is divided by (-14*9/(-6))/(12/8).
13
Let q(b) be the second derivative of -b**4/12 + b**3 + 119*b**2/2 - 47*b. Calculate the remainder when q(0) is divided by 12.
11
Suppose -7*q - 118 = -594. What is the remainder when 200 is divided by q?
64
What is the remainder when (3 + -82)/((-4)/8) is divided by 29?
13
Suppose 0 = 3*l - l - 386. Suppose -4*v - 41 + l = 0. What is the remainder when v is divided by 13?
12
Suppose 6*m - 1 = -25. Let s(p) = -14*p + 2. What is the remainder when s(m) is divided by 15?
13
Suppose 0 = -4*j + 5*t + 131, -165 = -5*j + 5*t - 0*t. Calculate the remainder when 37 is divided by j.
3
Let y(r) = -22*r + 18. What is the remainder when y(-13) is divided by 17?
15
Suppose 4*m = -0*m. Suppose -5*u + 2*u + 6 = m. Suppose 3*a - i - i - 106 = 0, 0 = -a - u*i + 30. Calculate the remainder when a is divided by 12.
10
Suppose 5*z - 4*b - 40 = b, -4*z = -5*b - 31. Let g(m) = -m**2 - 14*m - 11. What is the remainder when g(-5) is divided by z?
7
Let j = 901 - 847. What is the remainder when 290 is divided by j?
20
Calculate the remainder when 178 is divided by (0 - (-20)/6)*486/36.
43
Suppose 0*z - 3*z + 31 = 4*p, 0 = -4*z - p + 24. Suppose 181 = z*l - 39. Calculate the remainder when l is divided by 16.
12
Calculate the remainder when -1 + 1 + 4 + (191 - 0) is divided by 40.
35
Let u(t) = 13*t + 169. What is the remainder when 127 is divided by u(-11)?
23
Let f(t) = t + 95. Calculate the remainder when f(-38) is divided by 29.
28
Suppose 188*k - 4*r = 189*k - 65, -5*r + 265 = 5*k. What is the remainder when 233 is divided by k?
37
Let q be 14*((-28)/(-8) - 1). Calculate the remainder when (104/10)/(14/q) is divided by 14.
12
Suppose -4*f + f = -234. Let i = f + -55. What is the remainder when 9 is divided by (-2)/(-5) - i/(-5)?
4
Suppose -6*g = 43 + 113. Let i = g + 47. What is the remainder when i is divided by 11?
10
Suppose -6*d = -d - 15. Suppose d*c - 4*z - 6 - 77 = 0, 5*c - 100 = -z. Let g(m) = 15*m**2 + m + 2. What is the remainder when g(-2) is divided by c?
18
Let q(m) = 92*m - 215. What is the remainder when q(7) is divided by 43?
42
Let s = 18 + -13. Let y(x) = 3*x**2 + 4*x - 4. Let p be y(s). Let k = p - 33. Calculate the remainder when k is divided by 20.
18
Suppose 5*q - 4 = -3*m, m + 0*m + 10 = 4*q. Let i = 18 - m. What is the remainder when 37 is divided by i?
17
Let w = -11 + 8. Let r = 4 + w. Calculate the remainder when 13 is divided by ((-1)/r)/(7/(-35)).
3
Let t(r) = -r**3 - 15*r**2 + 33*r - 10. Suppose 0 = 3*h - h - 4. What is the remainder when t(-17) is divided by h?
1
Let i(a) be the second derivative of a**4 - 5*a**2/2 + a. What is the remainder when 82 is divided by i(-2)?
39
Calculate the remainder when 1296 is divided by (-9483)/(-436) + 2/8.
20
Let z(x) = -x**2 + 2*x + 2. Let y be z(-2). Let l(j) = -j - 4. Let w be l(y). Suppose -w*o + 0 = -4. What is the remainder when o is divided by 2?
0
Calculate the remainder when 702 is divided by (-3)/(-2)*(5 - (-678)/18).
62
Let b = 154 - 138. Suppose 0 = -9*m + 5*m + 244. What is the remainder when m is divided by b?
13
Let m = -225 - -248. What is the remainder when m is divided by 3?
2
Suppose 5 - 389 = -5*f - b, -f = -b - 72. What is the remainder when 446 is divided by f?
66
Suppose -s - 5*d = -3, -5*s + 3*s - 4*d + 6 = 0. Let f(o) = 7*o**2 + 45*o - 8. What is the remainder when f(-7) is divided by s?
2
Let h = 492 - 365. Calculate the remainder when h is divided by 1 - 5/(10/(-84)).
41
Let x(j) = j**3 + j**2 + 5*j + 3. What is the remainder when 109 is divided by x(4)?
6
Let r = -6 + 11. Suppose -r*h = -7*h + 22. Calculate the remainder when 40 is divided by h.
7
Suppose 4*q - 681 = 2*v + 107, -3*v = -6. Calculate the remainder when q is divided by 23.
14
Let q = -600 - -645. Calculate the remainder when 278 is divided by q.
8
Let x = -741 - -746. Calculate the remainder when 74 is divided by x.
4
Suppose 1531*r - 1527*r - 1780 = 0. What is the remainder when r is divided by 75?
70
Let m be ((-10)/15)/((-4)/(-84)). Let k = m - -76. What is the remainder when k is divided by 13?
10
Let b(v) = -v**2 + 9*v + 99. Suppose 3*c + 5*u = 8 + 57, -2*u = c - 21. Calculate the remainder when c is divided by b(15).
7
Suppose -4*k +